et s be 6/27 + 2/(-9). Suppose s*z - 5*z + y + 955 = 0, -573 = -3*z - y. Is z prime?
True
Let v be -6*(39/9 + -4). Is v*1/2*-23 composite?
False
Suppose 20065 = 3*i + 2*f + 3*f, 5*f = 2*i - 13360. Suppose 2674 = 2*v - 2*y, -2*v + i = 3*v + 3*y. Is v a prime number?
False
Suppose -s - 29*s + 1614930 = 0. Is s prime?
True
Suppose -4*h + 364 = -3*h - 2*z, 0 = -h + z + 368. Let g = 821 - h. Is g composite?
False
Is ((2378/3)/1)/((-6)/(-9)) composite?
True
Let q(u) = 687*u**2 - 3*u + 2. Suppose 4*y + 5*p = -0*y - 21, 5*y = -5*p - 20. Let g be q(y). Suppose -1719 = -5*n - 4*t, -4*n = -2*n + 2*t - g. Is n composite?
False
Let d = 6628 + -4434. Is (3 - 13/4) + d/8 prime?
False
Let r(z) = 876*z**3 - 5*z**2 - 30*z + 102. Is r(3) prime?
False
Let q(s) = -37*s**3 - 2*s**2 - 3*s - 5. Let o be q(-2). Let y = o - -18. Is y composite?
False
Let c(w) = 665*w**2 - 16*w - 56. Is c(-3) prime?
False
Let w(m) = m**3 - m**2 - m + 18. Let y be w(0). Let o = -20 + y. Let g(k) = 228*k**2 + 4*k + 3. Is g(o) prime?
True
Is ((-1656)/(-360))/(1/15305) a prime number?
False
Suppose 4*a = -4*l + 1096, a - 48 = 2*l + 232. Let i = -195 + a. Suppose 253 = 2*b - i. Is b a prime number?
True
Suppose -2*z - 5*p + 7469 = 0, 0 = -6*z + 6*p - p + 22427. Is z composite?
True
Suppose 0 = -4*r + i + 9491, 3*r = 2*r - 5*i + 2378. Suppose 0 = -5*q - n + r, -1812 - 84 = -4*q - 2*n. Suppose -4*g - g + q = 0. Is g composite?
True
Suppose 0 = p - 0*o - 4*o - 20, -5*p + o + 5 = 0. Suppose -5*c + 9*c - 24 = p. Suppose c = 2*x - 2, -3*x = 3*r - 366. Is r composite?
True
Is 5/(-6)*237*(-4)/10 composite?
False
Is (-42213)/(-4) + ((-323)/(-76))/(-17) a composite number?
True
Let x = 1547 - 2714. Let d = -808 - x. Is d composite?
False
Let i(c) = c - 1. Let m be i(3). Suppose 1 = -r - 3*h + m, 5*r - 21 = h. Suppose 2*l - j = r*l - 186, 3*j - 194 = -2*l. Is l prime?
False
Suppose -3*n + 2*n - 2 = 0. Let a = n - -6. Suppose -a*r = -85 - 151. Is r a prime number?
True
Suppose b + 10085 = 4*n, -2*n + 4*b = -3170 - 1876. Is n a composite number?
False
Let i = 19 - 25. Is (9/i)/(15/(-530)) a composite number?
False
Let a(r) = -298*r - 4. Let w(p) = 297*p + 4. Let u(s) = -2*a(s) - 3*w(s). Is u(-5) prime?
True
Suppose 5*a + 24 = a. Let p(g) = -21*g**3 - 6*g**2 + 5*g - 1. Let j(x) = -20*x**3 - 5*x**2 + 4*x - 1. Let t(l) = a*j(l) + 5*p(l). Is t(3) prime?
True
Suppose -2*y = -r - 10, -4*r + 13*y = 16*y + 18. Let c(k) be the third derivative of -9*k**4/8 - 13*k**3/6 + k**2. Is c(r) prime?
True
Suppose 15 - 9 = 2*p. Is (5176/4)/(2*3/p) a composite number?
False
Suppose -4*t - 10 = 2*o, -o = 2*o - 5*t + 48. Let m(u) = 2*u**2 + 5*u + 16. Is m(o) a composite number?
True
Suppose 1727 = -m + 5*q + 4095, 4*m = 4*q + 9504. Suppose 4*s - m = 1274. Suppose -2*t - p + 282 + 84 = 0, 0 = -5*t - 2*p + s. Is t a composite number?
False
Let h = -1259 + 2136. Is h a prime number?
True
Is (0 - -2)*(-143837)/(-34) composite?
False
Suppose -166*n + 165*n + 4333 = 0. Is n composite?
True
Let b(w) = 293*w**2 + 4*w - 85. Is b(6) a composite number?
False
Let a = 19 - 16. Suppose 2*x - 17 = -f + 6*x, a*f = 4*x + 27. Suppose 3*r - f*r = -802. Is r a prime number?
True
Suppose 4*z + 11*f - 107201 = 8*f, -2*f = -5*z + 134007. Is z a prime number?
True
Let i be 452/(-2*1)*(-11 + 17). Let g = i + 2870. Is g prime?
False
Suppose -i - 27 = -2*r + 1037, 5*r - 2670 = 5*i. Let c = 59 - 56. Suppose -c*m - r = -5*m. Is m a prime number?
False
Let o(u) = 37*u**2 - 2*u + 1. Let r be o(1). Let g = r - 17. Is g a prime number?
True
Let c be (-1679)/(-92) + 6/8. Let a = c - -3. Is a composite?
True
Let k(x) = x**2 - 11*x + 15. Let u be k(8). Let m be 3/u - (-64)/12. Suppose 3*a = -2*a - m*l + 1065, -5*l = -4*a + 852. Is a a prime number?
False
Let g be (-1)/4 - 3368/(-32). Suppose 0 = 7*d - 2*d - g. Suppose -3*q + 561 = -d. Is q prime?
False
Let u = 76 + -44. Is (((-3)/4)/((-4)/u))/2 prime?
True
Let o(l) = -1609*l - 189. Is o(-8) a prime number?
False
Suppose -1 = -8*s + 15. Suppose 3*h + a = s*a + 781, 25 = 5*a. Is h composite?
True
Suppose 6259*h - 326223 = 6250*h. Is h a prime number?
False
Suppose 2*o + 16154 = 2*b, -14844 = 5*b - o - 55229. Is b composite?
True
Let u = 368 + -61. Suppose 4*b = -2*i + b + u, 4*b = 5*i - 779. Is i composite?
True
Suppose 0 + 39 = -3*i. Let r = i - -432. Is r a composite number?
False
Let v(r) = -714*r - 73. Is v(-8) composite?
False
Let v(q) = q**3. Let m be v(4). Suppose 4*n - p = -131, 5*n + 5*p + m = -106. Let d = n + 54. Is d a composite number?
True
Suppose 0 = 9*k - 3*k. Let t(g) = g**3 + g**2 - g - 3476. Let a be t(k). Is a/(-52) - 12/(-78) composite?
False
Let y(v) = v**3 - 13*v**2 + 2*v - 9. Let o be y(13). Suppose -4*w = o + 3, 4*w + 10 = -r. Suppose g + 5 = 0, 5*d + 5*g = g + r. Is d composite?
True
Suppose -5*m + 253 = x, x + 126 + 80 = 4*m. Suppose -v + 18*n = 16*n + 844, 0 = -n - 2. Is v/(-6) + (-17)/m prime?
False
Let j(l) = -2*l**3 - 9*l**2 + 14*l - 26. Is j(-11) composite?
True
Suppose 0 = 4*i + 1 - 13. Let r(d) = -1 + 7*d + 6*d - 16*d + 6*d**2 + d**i. Is r(5) composite?
True
Let r = -4740 - -3098. Is (r/(-6))/(-3 - (-92)/30) a composite number?
True
Let a(d) = -d**3 + 29*d**2 - 32*d - 7. Let h(g) = 8*g + 11. Let x be h(2). Is a(x) a prime number?
True
Suppose -x + 4*y - 12 = 0, 2 = y - 2. Suppose x*j - 47 = 57. Let s = 175 - j. Is s composite?
False
Let s = 0 + 4. Suppose 2*p - s*z = -0*z + 2618, 1314 = p - z. Suppose 5*t = 546 + p. Is t a composite number?
False
Suppose 7*u = 2*v + 4*u - 669, 4*v - 4*u - 1328 = 0. Let r = v + 392. Is r prime?
True
Let y(h) be the third derivative of 29*h**4/24 - 28*h**3/3 - 53*h**2. Is y(9) a prime number?
False
Let m(x) = x**2 - 2*x + 2. Let r be m(2). Suppose -r*g = -5*g + 15. Let i = 16 - g. Is i composite?
False
Let q(u) = u**3 + u + 12343. Is q(0) a prime number?
True
Let u(k) = -331*k - 85. Is u(-8) a composite number?
True
Let u be 50/(-5)*1/(-2) + -3. Suppose 0 = u*k - 35 - 803. Is k prime?
True
Let m be 5*1 + 42/(-14). Suppose -3*d - m*u + 254 = 0, 5*d - 440 = 4*u + 20. Let r = d - 50. Is r a prime number?
False
Is 2864/24 - (-5)/(-15) a composite number?
True
Let z(w) = w**3 + 9*w**2 + 7*w - 6. Let c be z(-8). Let h = -103 - -103. Suppose -3*a = -5*p - 54, a - 5*p + c*p - 22 = h. Is a composite?
False
Suppose -22*r + 31576 = -36250. Is r a prime number?
True
Is (3 + 28/(-8))/((-3)/1062) prime?
False
Let q be ((-10)/4)/(3/(-12)). Let l be (q + -9)/((-2)/74). Let d = l - -68. Is d composite?
False
Let a(q) = -q + 4. Let d be a(6). Let b be d/11 - 2/(-11). Suppose -3*u + 5*u - 254 = b. Is u composite?
False
Is 11216 - ((-1)/2 - 14/(-4)) a prime number?
True
Let w = 3182 + 1631. Let j = w - 3438. Suppose 4*o - j = -107. Is o a composite number?
False
Suppose 3*r - 257535 = -2*u, -4*r - 5*u - 67366 = -410753. Is r a prime number?
True
Let q(i) = i**2 - 6*i + 6. Let o be q(5). Let p(g) = g + o - 4 + g**3 + 2 - 4*g**2. Is p(6) a composite number?
True
Let g(v) = 827*v - 585. Is g(4) prime?
False
Suppose 0 = 2*o - 1327 + 627. Let h = 290 - 479. Let d = o + h. Is d a prime number?
False
Let t = -6403 - -12278. Suppose -4*y + t = -5*b, -y - 3*b = b - 1453. Suppose -4*p + y = p. Is p prime?
True
Let j be 9/(-15) - 1788/20. Let b = 55 + -98. Let c = b - j. Is c prime?
True
Let n(w) = w**2 + 12*w + 4. Let q be n(-12). Let l be (738/5)/(4/20). Suppose 0*h - 5*r = 2*h - 360, l = q*h + r. Is h composite?
True
Let s(d) = -d**2 + 32*d - 3. Let c be (9/(-12))/(5/(-40)). Let p be (-404)/(-28) - c/14. Is s(p) composite?
True
Let r(v) = -v - 3. Let z be r(2). Let o(q) = q**2 + 12*q + 8. Let n(u) = u**2 + 13*u + 7. Let y(a) = z*n(a) + 4*o(a). Is y(-14) prime?
False
Let h(l) = l**3 - 7*l**2 - 2*l + 14. Suppose -a = -4*a + 21. Let b be h(a). Suppose 3*d + b*r - 1590 = -r, -4*d - 4*r = -2128. Is d prime?
False
Suppose 77438 = 14*h - 76240. Is h a composite number?
True
Let y(k) = 13*k + 13. Suppose -2*n + 14 = -5*z, -5 = -3*z - 5*n - 32. Let o be 2 - (z - (-12)/(-3)). Is y(o) a prime number?
False
Suppose 4956 = 31*k - 19*k. Is k composite?
True
Let t(i) = 25*i - 20. Let g(u) = 50*u - 39. Let z(f) = -4*g(f) + 7*t(f). Let h = 73 + -80. Is z(h) a composite number?
False
Let b(h) = 4*h**2 - 5*h - 8. Let j(d) = d**2 + 5*d - 2. Let x be j(-4). Let u be b(x). Let a = -83 + u. Is